 factors of 1518517.
7, 11, 13, 37, 41
List the prime factors of 303730.
2, 5, 7, 4339
What are the prime factors of 109311?
3, 83, 439
What are the prime factors of 15791657?
7, 17, 131, 1013
List the prime factors of 12641737.
12641737
What are the prime factors of 951323?
41, 23203
What are the prime factors of 15047391?
3, 5015797
List the prime factors of 563191.
79, 7129
What are the prime factors of 828263?
853, 971
What are the prime factors of 700024?
2, 13, 53, 127
What are the prime factors of 6590977?
1627, 4051
List the prime factors of 1875962.
2, 11, 71, 1201
List the prime factors of 9406104.
2, 3, 391921
What are the prime factors of 452374?
2, 13, 127, 137
What are the prime factors of 218966?
2, 11, 37, 269
What are the prime factors of 2723979?
3, 47, 19319
What are the prime factors of 8481069?
3, 942341
List the prime factors of 429167.
73, 5879
What are the prime factors of 7878582?
2, 3, 17, 25747
List the prime factors of 12551509.
83, 97, 1559
List the prime factors of 704270.
2, 5, 7, 10061
What are the prime factors of 2142203?
7, 306029
What are the prime factors of 12914839?
7, 1844977
List the prime factors of 609708.
2, 3, 11, 31, 149
List the prime factors of 1026863.
449, 2287
List the prime factors of 195555.
3, 5, 13037
What are the prime factors of 2777958?
2, 3, 157, 983
List the prime factors of 506301.
3, 71, 2377
List the prime factors of 14262544.
2, 891409
What are the prime factors of 9548844?
2, 3, 795737
List the prime factors of 321570.
2, 3, 5, 397
List the prime factors of 4438499.
13, 341423
What are the prime factors of 2104828?
2, 11, 47837
What are the prime factors of 3054?
2, 3, 509
What are the prime factors of 1251244?
2, 103, 3037
List the prime factors of 2427970.
2, 5, 242797
What are the prime factors of 116721?
3, 11, 131
List the prime factors of 16899126.
2, 3, 661, 4261
List the prime factors of 8505718.
2, 13, 31, 61, 173
What are the prime factors of 15056564?
2, 59, 63799
What are the prime factors of 2480422?
2, 7, 177173
What are the prime factors of 293962?
2, 103, 1427
What are the prime factors of 167329?
167329
List the prime factors of 667162.
2, 333581
List the prime factors of 17864477.
17864477
List the prime factors of 866144.
2, 27067
What are the prime factors of 24064481?
7, 479, 7177
What are the prime factors of 1911098?
2, 7, 19501
What are the prime factors of 485186?
2, 13, 18661
What are the prime factors of 168192?
2, 3, 73
What are the prime factors of 407540?
2, 5, 7, 41, 71
List the prime factors of 3777865.
5, 7, 13, 19, 23
List the prime factors of 4390308.
2, 3, 13, 53, 59
List the prime factors of 6700546.
2, 3350273
List the prime factors of 395096.
2, 13, 29, 131
List the prime factors of 12215849.
79, 101, 1531
List the prime factors of 14745.
3, 5, 983
List the prime factors of 6157065.
3, 5, 31, 13241
What are the prime factors of 2197663?
13, 71, 2381
List the prime factors of 11163477.
3, 13, 286243
What are the prime factors of 1088623?
1088623
What are the prime factors of 1038829?
11, 94439
What are the prime factors of 224088?
2, 3, 9337
List the prime factors of 26048350.
2, 5, 520967
What are the prime factors of 370849?
223, 1663
List the prime factors of 14057897.
7, 2008271
List the prime factors of 8844097.
17, 520241
List the prime factors of 19098093.
3, 7, 129919
What are the prime factors of 25105996?
2, 29, 216431
List the prime factors of 1624486.
2, 17, 47779
List the prime factors of 9513321.
3, 3171107
What are the prime factors of 151572?
2, 3, 17, 743
What are the prime factors of 2511988?
2, 17, 41, 53
List the prime factors of 180203.
31, 5813
List the prime factors of 124346.
2, 79, 787
List the prime factors of 3468085.
5, 17, 40801
List the prime factors of 71802.
2, 3, 3989
List the prime factors of 944653.
47, 101, 199
What are the prime factors of 15273914?
2, 7636957
What are the prime factors of 184486?
2, 92243
List the prime factors of 165549.
3, 139, 397
List the prime factors of 57079.
11, 5189
List the prime factors of 2180060.
2, 5, 19, 5737
List the prime factors of 665733.
3, 53, 79
What are the prime factors of 16303188?
2, 3, 11, 113, 1093
List the prime factors of 4703603.
193, 24371
List the prime factors of 272976.
2, 3, 11, 47
What are the prime factors of 7562?
2, 19, 199
List the prime factors of 245009.
491, 499
What are the prime factors of 294076?
2, 37, 1987
What are the prime factors of 1060959?
3, 353653
List the prime factors of 6469879.
13, 47, 10589
List the prime factors of 1265513.
31, 40823
What are the prime factors of 3344988?
2, 3, 17, 19, 863
What are the prime factors of 3982074?
2, 3, 31, 79, 271
What are the prime factors of 1216314?
2, 3, 11, 6143
What are the prime factors of 259444?
2, 37, 1753
What are the prime factors of 229708?
2, 57427
List the prime factors of 4810988.
2, 7, 13, 13217
List the prime factors of 57972.
2, 3, 4831
What are the prime factors of 7684858?
2, 227, 16927
What are the prime factors of 1940154?
2, 3, 323359
List the prime factors of 359438.
2, 179719
List the prime factors of 7077365.
5, 1415473
List the prime factors of 693504.
2, 3, 7, 43
List the prime factors of 14102960.
2, 5, 173, 1019
List the prime factors of 1311458.
2, 67, 9787
What are the prime factors of 3472962?
2, 3, 578827
What are the prime factors of 33521?
33521
What are the prime factors of 26565290?
2, 5, 2656529
List the prime factors of 706639.
17, 197, 211
List the prime factors of 230581.
13, 17737
List the prime factors of 3321498.
2, 3, 553583
What are the prime factors of 1378062?
2, 3, 7, 10937
What are the prime factors of 1789929?
3, 23, 8647
List the prime factors of 660062.
2, 13, 53, 479
What are the prime factors of 219669?
3, 37, 1979
List the prime factors of 1269908.
2, 73, 4349
List the prime factors of 7261662.
2, 3, 107, 11311
List the prime factors of 1258352.
2, 31, 43, 59
What are the prime factors of 3440297?
7, 37, 359
List the prime factors of 7847503.
7847503
List the prime factors of 995879.
809, 1231
List the prime factors of 14517177.
3, 53, 91303
List the prime factors of 914634.
2, 3, 7, 17, 61
What are the prime factors of 3467179?
61, 113, 503
What are the prime factors of 1751606?
2, 875803
What are the prime factors of 3321?
3, 41
List the prime factors of 1658010.
2, 3, 5, 17, 3251
List the prime factors of 1847046.
2, 3, 73, 4217
What are the prime factors of 3919878?
2, 3, 217771
What are the prime factors of 7975944?
2, 3, 110777
What are the prime factors of 194426?
2, 97213
List the prime factors of 1489722.
2, 3, 13, 71, 269
List the prime factors of 231691.
41, 5651
List the prime factors of 435352.
2, 54419
List the prime factors of 1737649.
491, 3539
What are the prime factors of 234508?
2, 23, 2549
What are the prime factors of 14746152?
2, 3, 29, 21187
List the prime factors of 15004197.
3, 13, 14249
List the prime factors of 2441597.
29, 59, 1427
List the prime factors of 1442115.
3, 5, 73, 439
What are the prime factors of 38933?
38933
What are the prime factors of 12900868?
2, 139, 23203
What are the prime factors of 1183215?
3, 5, 11, 71, 101
List the prime factors of 1474546.
2, 17, 31, 1399
What are the prime factors of 217994?
2, 7, 23, 677
List the prime factors of 604463.
23, 41, 641
What are the prime factors of 5110705?
5, 1022141
What are the prime factors of 6905859?
3, 17, 135409
List the prime factors of 9221730.
2, 3, 5, 7, 43913
What are the prime factors of 2109376?
2, 23, 1433
What are the prime factors of 25896294?
2, 3, 479561
What are the prime factors of 30184?
2, 7, 11
What are the prime factors of 11264884?
2, 2816221
List the prime factors of 12835934.
2, 107, 59981
List the prime factors of 11845735.
5, 11, 37, 5821
List the prime factors of 947062.
2, 473531
List the prime factors of 1248108.
2, 3, 104009
List the prime factors of 260601.
3, 11, 53, 149
What are the prime factors of 788086?
2, 13, 17, 1783
What are the prime factors of 13288075?
5, 43, 47, 263
List the prime factors of 295631.
7, 157, 269
List the prime factors of 819818.
2, 409909
List the prime factors of 600247.
600247
List the prime factors of 2105270.
2, 5, 210527
List the prime factors of 162647.
41, 3967
What are the prim